 17147242 a multiple of 464?
False
Does 5 divide 957050?
True
Is 417 a factor of 23061768?
True
Is 5 a factor of 2275?
True
Does 240 divide 1026402?
False
Is 300480 a multiple of 40?
True
Is 6 a factor of 578544?
True
Is 3 a factor of 156885?
True
Does 52 divide 1314684?
False
Is 14 a factor of 3685845?
False
Does 351 divide 23210602?
False
Is 179 a factor of 9899232?
False
Is 201572 a multiple of 113?
False
Does 105 divide 422520?
True
Is 186 a factor of 151265?
False
Is 11 a factor of 5098377?
False
Does 5 divide 8195?
True
Is 57 a factor of 216408?
False
Is 165928 a multiple of 211?
False
Is 287151 a multiple of 33?
False
Is 310495 a multiple of 3?
False
Does 45 divide 11183210?
False
Is 219 a factor of 7937217?
True
Does 541 divide 18118631?
True
Is 12234954 a multiple of 172?
False
Does 22 divide 13486924?
True
Does 176 divide 18304304?
False
Is 25391 a multiple of 11?
False
Is 217 a factor of 282968?
True
Is 156 a factor of 36912408?
True
Is 3973827 a multiple of 649?
True
Is 2138724 a multiple of 108?
True
Does 97 divide 2642220?
False
Does 26 divide 162630?
True
Does 172 divide 166496?
True
Is 89 a factor of 395071?
True
Is 88 a factor of 424512?
True
Is 65220 a multiple of 60?
True
Does 11 divide 8539448?
False
Is 5 a factor of 213883?
False
Is 30 a factor of 2104740?
True
Does 24 divide 64142?
False
Is 188567 a multiple of 101?
True
Is 14 a factor of 19792598?
True
Does 141 divide 71346?
True
Is 499 a factor of 600976?
False
Is 15 a factor of 369735?
True
Is 147700 a multiple of 25?
True
Is 661131 a multiple of 9?
True
Is 19 a factor of 298619?
False
Is 32965 a multiple of 162?
False
Does 13 divide 898417?
True
Does 194 divide 1120211?
False
Is 3 a factor of 84001?
False
Does 37 divide 1710053?
False
Does 89 divide 485317?
True
Does 8 divide 363672?
True
Is 779 a factor of 3098016?
False
Is 452 a factor of 223740?
True
Does 52 divide 2154?
False
Is 10 a factor of 7222260?
True
Is 2801 a multiple of 2?
False
Is 777 a factor of 473348?
False
Is 2844610 a multiple of 290?
True
Is 377 a factor of 2122662?
False
Is 160119 a multiple of 152?
False
Does 173 divide 258981?
True
Is 9 a factor of 747459?
True
Does 601 divide 673998?
False
Is 1531584 a multiple of 3?
True
Does 517 divide 2701568?
False
Does 60 divide 168140?
False
Is 849464 a multiple of 196?
True
Is 20 a factor of 1127558?
False
Is 81588 a multiple of 26?
True
Does 173 divide 208071?
False
Is 8 a factor of 1279105?
False
Is 183 a factor of 296867?
False
Is 36 a factor of 589680?
True
Is 266 a factor of 3049019?
False
Does 24 divide 5790?
False
Does 301 divide 622243?
False
Is 24997 a multiple of 59?
False
Does 241 divide 169521?
False
Is 17150 a multiple of 25?
True
Is 9 a factor of 21402?
True
Does 1523 divide 11829141?
True
Is 118113 a multiple of 16?
False
Is 163 a factor of 4024959?
True
Is 580 a factor of 7133027?
False
Does 138 divide 826605?
False
Is 9 a factor of 1765894?
False
Does 29 divide 15560399?
False
Is 20 a factor of 2131119?
False
Is 433289 a multiple of 99?
False
Is 922032 a multiple of 48?
True
Does 7 divide 620750?
False
Is 493905 a multiple of 2?
False
Is 1223553 a multiple of 111?
True
Does 405 divide 96390?
True
Is 149 a factor of 162857?
True
Is 156 a factor of 475906?
False
Is 2391300 a multiple of 900?
True
Is 3 a factor of 257420?
False
Does 76 divide 55860?
True
Is 98 a factor of 108006?
False
Does 87 divide 80459?
False
Is 515097 a multiple of 33?
True
Is 9455 a multiple of 5?
True
Is 78 a factor of 24454834?
False
Is 4 a factor of 313775?
False
Is 307 a factor of 406775?
True
Is 166992 a multiple of 71?
True
Does 644 divide 3708001?
False
Does 3 divide 66518?
False
Is 350 a factor of 14801150?
True
Does 13 divide 1563178?
False
Does 34 divide 493958?
False
Is 139565 a multiple of 3?
False
Is 391 a factor of 13685?
True
Is 5 a factor of 115602?
False
Does 47 divide 775077?
True
Is 714201 a multiple of 2?
False
Is 2492789 a multiple of 663?
False
Is 55 a factor of 634906?
False
Is 1992375 a multiple of 875?
True
Does 23 divide 62085?
False
Is 3769 a multiple of 5?
False
Is 205 a factor of 12591920?
True
Is 1224615 a multiple of 105?
True
Is 6841779 a multiple of 1533?
True
Is 822 a factor of 4691976?
True
Is 29 a factor of 146014?
False
Is 1551397 a multiple of 203?
False
Is 12329806 a multiple of 463?
False
Is 131 a factor of 774341?
True
Does 21 divide 208320?
True
Does 110 divide 214200?
False
Is 232 a factor of 642298?
False
Does 999 divide 212787?
True
Does 188 divide 74391?
False
Is 449856 a multiple of 20?
False
Is 41340 a multiple of 127?
False
Is 18776467 a multiple of 18?
False
Is 4019770 a multiple of 13?
False
Is 22 a factor of 21032?
True
Is 1024458 a multiple of 169?
False
Is 507152 a multiple of 17?
False
Is 28537934 a multiple of 1767?
False
Does 23 divide 1161914?
True
Is 227 a factor of 566592?
True
Is 23540 a multiple of 44?
True
Is 4027647 a multiple of 66?
False
Is 19 a factor of 822244?
True
Is 18137277 a multiple of 645?
False
Is 175868 a multiple of 14?
True
Is 133475 a multiple of 19?
True
Is 45496 a multiple of 9?
False
Is 84803 a multiple of 26?
False
Is 7145615 a multiple of 11?
False
Is 2252727 a multiple of 3?
True
Is 13361 even?
False
Is 73546 a multiple of 134?
False
Is 7059968 a multiple of 397?
False
Is 17 a factor of 3529651?
False
Is 844 a factor of 14227308?
True
Does 447 divide 15796533?
True
Is 374600 a multiple of 38?
False
Does 7 divide 260384?
False
Does 127 divide 348986?
False
Is 59 a factor of 2345309?
True
Is 77 a factor of 218218?
True
Is 5047500 a multiple of 673?
True
Is 387 a factor of 378279?
False
Does 3 divide 21176?
False
Is 799 a factor of 1785300?
False
Does 224 divide 192325?
False
Does 26 divide 741832?
True
Is 27 a factor of 3966867?
True
Is 31 a factor of 137556?
False
Does 26 divide 182728?
True
Is 27 a factor of 92718?
True
Is 45 a factor of 271755?
True
Is 157 a factor of 15114?
False
Is 71 a factor of 2360056?
False
Is 32 a factor of 199660?
False
Does 11 divide 515537?
True
Does 8 divide 54733?
False
Is 8 a factor of 515984?
True
Is 371907 a multiple of 31?
True
Does 18 divide 92379?
False
Does 664 divide 5543072?
True
Does 67 divide 5404310?
False
Is 104 a factor of 6810372?
False
Is 196742 a multiple of 94?
True
Is 166952 a multiple of 82?
True
Does 249 divide 346699?
False
Is 10 a factor of 11414804?
False
Is 92901 a multiple of 179?
True
Does 40 divide 1030367?
False
Is 16 a factor of 1233248?
True
Is 8 a factor of 6552600?
True
Does 7 divide 11163542?
False
Is 1924 a multiple of 2?
True
Is 287888 a multiple of 16?
True
Is 67 a factor of 1025396?
False
Is 709 a factor of 4893666?
False
Is 4928937 a multiple of 13?
True
Is 49 a factor of 435572?
False
Does 65 divide 561925?
True
Is 17562 a multiple of 10?
False
Is 35 a factor of 757994?
False
Is 3580373 a multiple of 835?
False
Does 524 divide 4716?
True
Does 457 divide 331782?
True
Is 73 a factor of 6462252?
True
Does 116 divide 510052?
True
Is 229313 a multiple of 152?
False
Is 1107555 a multiple of 431?
False
Is 20 a factor of 54497?
False
Does 647 divide 772518?
True
Does 117 divide 16319499?
False
Does 13 divide 94157?
False
Does 12 divide 75365?
False
Does 32 divide 152104?
False
Is 15 a factor of 17832885?
True
Is 737086 a multiple of 133?
True
Does 12 divide 4184700?
True
Does 2208 divide 4711758?
False
Does 19 divide 35322?
False
Does 26 divide 187668?
True
Is 9 a factor of 39447?
True
Does 231 divide 122476?
False
Is 4831160 a multiple of 49?
False
Is 28272 a multiple of 114?
True
Is 150 a factor of 25702978?
False
Does 182 divide 10600716?
False
Is 94881 a multiple of 13?
False
Is 9 a factor of 774135?
True
Does 95 divide 83578?
False
Does 3 divide 4029?
True
Is 237 a factor of 62568?
True
Does 10 divide 19626170?
True
Is 20 a factor of 314280?
True
Is 15036070 a multiple of 395?
True
Does 164 divide 2612848?
True
Does 25 divide 129425?
True
Is 370361 a multiple of 25?
False
Is 363614 a multiple of 5?
False
Is 50256 a multiple of 24?
True
Is 2253180 a multiple of 470?
True
Is 173 a factor of 694646?
False
Does 5 divide 7565365?
True
Is 7 a factor of 1142813?
True
Does 91 divide 635642?
False
Is 43 a factor of 48516?
False
Is 6 a factor of 28500?
True
Is 2611129 a multiple of 35?
False
Does 25 divide 107864?
False
Do